isor of 2 and n.
2
Suppose 272 + 11328 = 16*u. Calculate the highest common factor of u and 50.
25
Let v be -3*(-13)/6*-2. Let l = 22 + v. Let s be (-498)/(-30) + l/(-15). Calculate the greatest common factor of 24 and s.
8
Suppose -4*a = -q + 463, 606 = -5*a + 4*q + 41. Let l be (-13 - -12) + a/1. Let x = l + 168. What is the highest common divisor of 20 and x?
10
Let u be -1*(-2)/(-4)*-250. Suppose -3*m = -7 - 8. Suppose -u = -5*c - m. Calculate the highest common divisor of 3 and c.
3
Let a = -14 + 19. Suppose -3*z + 437 = a*q - 0*z, -q = -z - 81. What is the highest common factor of q and 17?
17
Suppose -397 = -6*x + 725. What is the greatest common divisor of x and 17?
17
Let f be (-225)/(-20)*(19 + 4 + -3). What is the greatest common factor of f and 125?
25
Suppose -3*a + 1374 = -t, -a - 5*t - 903 = -3*a. What is the greatest common factor of 102 and a?
51
Suppose a + 60 = 11*a. Let u(o) = 41*o - 22. Let f be u(a). What is the greatest common divisor of f and 28?
28
Suppose 161*v - 5*j = 166*v, 0 = -3*v - 5*j - 6. Calculate the highest common factor of v and 375.
3
Suppose 0 = 6*j - 282 - 312. What is the highest common divisor of j and 330?
33
Let r be 1*(-5 - -342) - 4. What is the greatest common factor of r and 37?
37
Suppose 5*l + 10 - 45 = 5*g, 0 = -2*g - 3*l - 19. Let i be (-2 - 2)*28/g. Calculate the greatest common divisor of 112 and i.
14
Let c = 94 + 40. Calculate the greatest common divisor of 2 and c.
2
Suppose 118 = -8*r + 462. What is the greatest common divisor of r and 86?
43
Let l(i) = -10*i + 453. Let y be l(45). Calculate the greatest common divisor of 24 and y.
3
Suppose 3*s = 4*y - 240, 5*y - 300 = -2*s - 0*s. Let f = -69 + 89. What is the greatest common factor of y and f?
20
Suppose 8 = 2*m + 24. Let f be 0 - m - 6/2. Suppose 3*p = 5*s + 10, 8 + 2 = p + 5*s. What is the greatest common divisor of f and p?
5
Suppose v - 1 - 11 = 0. Let u = -8 + v. Let j(x) = x - 1. Let n be j(5). What is the greatest common factor of u and n?
4
Let p(x) be the first derivative of 16*x**3/3 + x**2/2 + 3. Let w be p(1). Suppose 0 = 13*v - w*v + 280. Calculate the highest common divisor of 10 and v.
10
Let m(x) = -8*x + 381. Let a be m(30). Calculate the greatest common factor of 47 and a.
47
Let g be 0/(-2) + -2 + 7 + -30. Let k = g - -88. What is the greatest common divisor of k and 7?
7
Let n(y) = -y**2 - 6*y + 7. Let v be n(-6). Let q(z) = z**2 - z. Let t be 7*(-1 + (0 - 0)). Let d be q(t). What is the highest common divisor of v and d?
7
Suppose 2*m - c - 214 = 0, 4*m - 303 = -3*c + 105. Let h be ((-8)/10)/((-10)/25). Let l be h/(-3) + (-256)/(-6). What is the greatest common factor of l and m?
21
Let s = 9 + -10. Let h be s + 12 + (1 - -3). What is the greatest common factor of 5 and h?
5
Let x = -2530 - -2566. Calculate the highest common divisor of x and 1092.
12
Let a be (3*3/(-9) + -2)*-1. Let i be 2 - a - (-35 + 1). Let j(z) = -z**3 - 5*z**2 + 4*z - 1. Let u be j(-6). What is the greatest common factor of u and i?
11
Let b(o) = -3*o**2 + 2*o - 5. Let f(y) = -y**2 - y - 1. Let k(p) = -b(p) + 4*f(p). Let w be k(-3). Calculate the highest common divisor of 5 and w.
5
Suppose 210 = w + 45. Let k be 1/(-2 + 93/45). Calculate the greatest common factor of w and k.
15
Let a be (-15)/((-805)/897 - 2/(-3)). What is the greatest common factor of 39 and a?
13
Let k be (-174)/(-9)*513/38. What is the highest common divisor of k and 1131?
87
Let y = 50 + 60. Calculate the highest common divisor of 10 and y.
10
Let y(z) = z**3 + 1. Let k be y(2). Suppose -34 - 15 = 2*b - 3*r, 121 = -3*b - 5*r. Let u = -23 - b. What is the greatest common factor of u and k?
9
Suppose 71 + 79 = 15*b. Calculate the highest common factor of b and 18.
2
Let w = 117 - 87. Calculate the highest common divisor of w and 30.
30
Let l(r) = r**2 - 33*r + 157. Let i be l(31). Calculate the highest common factor of 45 and i.
5
Let b(d) = d**3 + 21*d**2 - 25*d + 24. Let p be b(-22). What is the highest common divisor of p and 5?
5
Suppose 4*f - 3*t = 125, f = 2*t + 3*t + 27. Calculate the highest common factor of 128 and f.
32
Let r = 2435 - 2429. What is the highest common divisor of 1950 and r?
6
Let n = -1055 + 1079. Calculate the highest common factor of 104 and n.
8
Let u = 523 - 303. Calculate the highest common divisor of u and 55.
55
Let w = -436 - -611. Calculate the greatest common factor of 70 and w.
35
Let z = 61 - 73. Suppose -8 = 4*k - 36. Let d = k - z. Calculate the greatest common factor of d and 209.
19
Let d(q) = 8*q + 1. Let m(j) be the first derivative of -j**2/2 - 7*j + 1. Let z be m(-8). Let u be d(z). Calculate the highest common divisor of u and 6.
3
Let j = 31 + -14. Suppose -84 = b - 101. What is the highest common divisor of b and j?
17
Let y = 55 + -11. Suppose -3*u = -u - y. Suppose 5*o - 3*v - 12 = 9, -4*o + u = -5*v. Calculate the highest common divisor of 3 and o.
3
Let t(o) = 582*o - 354. Let p be t(3). Calculate the highest common factor of p and 48.
48
Let s be (-230)/(-69)*540/8. What is the highest common divisor of s and 45?
45
Let r = -1882 + 1982. Calculate the highest common divisor of r and 175.
25
Suppose v = 2*v + 18. Let u be 94 + v + 4/(-2). Suppose u = 2*o + 2*t, o - 5*t - 55 = -0*o. What is the highest common divisor of o and 5?
5
Let y = -20 - -45. Suppose -270 = -2*x + 30. What is the highest common divisor of y and x?
25
Suppose l = -3*h - 2*l + 84, 120 = 5*h - 5*l. Suppose -z - z = -h. Let n be (3/(-9) - 0)*(-189 - 6). Calculate the greatest common divisor of z and n.
13
Let b be ((-125)/10)/(4/24). Let m = 126 + b. Let q(v) = 2*v + 3. Let p be q(7). What is the greatest common factor of m and p?
17
Suppose 0 = -p - 2*p + 69. What is the greatest common factor of p and 299?
23
Let q = 88 - 73. Let y(a) = -30*a. Let m be y(-3). What is the highest common factor of m and q?
15
Let u = -1 + 11. Suppose -5*z = -u*z - 240. Let l be (z/20)/((-6)/40). Calculate the highest common divisor of 144 and l.
16
Let m be (15/(60/(-8)))/(1/1). Let s be -2*m/(-16) + (-13)/(-4). Calculate the greatest common divisor of s and 51.
3
Let b(a) = 45 + 2*a - 3*a - 18 - 11. Suppose 6*d - 12 = 2*d - 3*t, 3*d - 2*t = -8. Let u be b(d). Calculate the greatest common divisor of 2 and u.
2
Let s be 41/3 + 4/(-6). Suppose -15*v + 8*v = 875. Let b be (-4 + v/(-15))/((-2)/(-18)). What is the highest common divisor of b and s?
13
Let o(c) = -c**3 + 4*c**2 - 5*c + 5. Let n be o(2). Suppose 1108 = 5*l + 4*z, z - 2*z = n*l - 662. Calculate the highest common factor of l and 20.
20
Let s = -80 + 156. Suppose 9 = f - s. Let i be (-85)/(-2)*4/5. Calculate the greatest common factor of i and f.
17
Suppose 9*z = 5*z. Let l(a) = a**3 - 2*a + 20. Let x be l(z). Calculate the highest common divisor of x and 8.
4
Let z(n) be the second derivative of n**4/6 - 4*n**3/3 + n**2/2 + 7*n. Let y be z(6). Let r be 260/y + 6/10. What is the greatest common factor of 77 and r?
11
Let m(b) = 10*b**2 + 38*b - 90. Let u be m(10). Calculate the greatest common divisor of 30 and u.
30
Suppose -3*s + s + 148 = 5*l, -5*l = 3*s - 152. What is the highest common divisor of 8 and l?
4
Let r = 4749 - 3079. What is the greatest common divisor of r and 30?
10
Let k be (-6)/(-3) - (-2 + -167). Suppose 12*o = 6*o + 606. Let r = -82 + o. What is the greatest common factor of r and k?
19
Suppose 30 = -3*c - 5*n - 10, 5*c + 4*n + 45 = 0. Suppose 6*s - 20 = 2*s - 3*z, 2*s = 3*z - 8. Let x = s - c. What is the greatest common factor of x and 7?
7
Let g be ((2254/(-14))/23)/((-2)/126). What is the highest common divisor of 315 and g?
63
Let x = -7 + 8. Suppose -114 = y + 2*y. Let g = 40 + y. Calculate the greatest common factor of x and g.
1
Suppose -2*b = 2*b - 12. Suppose -2*p = o + 7, 0 = 3*o - p + b + 25. Let h = -1 - o. Calculate the greatest common divisor of 16 and h.
8
Suppose 21*m - 560 = 14*m. What is the greatest common factor of 200 and m?
40
Suppose 0*t - 3*l - 14 = -t, -5*t = -4*l - 70. What is the highest common factor of t and 182?
14
Let d = 1196 + -635. What is the greatest common divisor of d and 102?
51
Let o = 54 - 52. Let i(d) = 2*d**2 - 2*d - 3. Let g be i(-3). Suppose -o*w - g = -87. What is the highest common divisor of w and 22?
11
Suppose 0 = -5*a + 7*a + 5*f 